{"id":12058,"date":"2025-11-17T12:39:36","date_gmt":"2025-11-17T11:39:36","guid":{"rendered":"https:\/\/soycubano.si\/events\/22-compleanno-soia-cubano-ancarano\/"},"modified":"2025-12-01T13:34:06","modified_gmt":"2025-12-01T13:34:06","slug":"22-compleanno-soia-cubano-ancarano","status":"publish","type":"ajde_events","link":"https:\/\/soycubano.si\/it\/events\/22-compleanno-soia-cubano-ancarano\/","title":{"rendered":"22\u00b0 Compleanno Soia Cubano \u2013 Ancarano"},"content":{"rendered":"\n<p class=\"wp-block-paragraph\">Luned\u00ec sera ad Ancarano sar\u00e0 tutto latino! Vi invitiamo alla <strong>festa di compleanno di Soy Cubano<\/strong> , dove festeggeremo, balleremo e socializzeremo insieme in una vera atmosfera cubana, nel <strong>cuore di Ancarano<\/strong> . <strong>&#8220;Festa latina ad Ancarano<\/strong> &#8221; <\/p>\n\n<h2 class=\"wp-block-heading\"><strong>Descrizione dell&#8217;evento<\/strong><\/h2>\n\n<p class=\"wp-block-paragraph\">Il luned\u00ec sera ad Ancarano sar\u00e0 all&#8217;insegna dei ritmi cubani e dei festeggiamenti! Festeggiamo insieme <strong>il 22\u00b0 compleanno di Soy Cubano<\/strong> e vi invitiamo a una festa latina nel <strong>centro di Ancarano<\/strong> .<br\/> Vi aspetta un mix di <strong>salsa, bachata e Power Latina<\/strong> , insieme a tante risate, animazione e un&#8217;atmosfera rilassata creata da Jos\u00e9 e dal team <strong>della scuola di ballo Soy Cubano Dance Club<\/strong> . <\/p>\n\n<p class=\"wp-block-paragraph\">Non importa se sei un principiante o se balli gi\u00e0: le coreografie e le animazioni sono facili e divertenti, quindi chiunque pu\u00f2 partecipare.<\/p>\n\n<h2 class=\"wp-block-heading\"><strong>Programma serale<\/strong> di festa latina ad Ancarano<\/h2>\n\n<ul class=\"wp-block-list\">\n<li><strong>20:30<\/strong> \u2013 arrivo, riscaldamento e primi ritmi latini<\/li>\n\n\n\n<li><strong>21:00<\/strong> \u2013 animazioni di salsa e bachata con Jos\u00e9<\/li>\n\n\n\n<li><strong>22:00<\/strong> \u2013 Blocco di danza energetica Power Latino<\/li>\n\n\n\n<li><strong>22:30\u201323:30<\/strong> \u2013 balli liberi, socializzazione e sorpresa di compleanno<\/li>\n<\/ul>\n\n<p class=\"wp-block-paragraph\">Il programma \u00e8 provvisorio: se l&#8217;energia \u00e8 buona, balleremo pi\u00f9 a lungo! \ud83d\udc83 \ud83d\udd7a<\/p>\n\n<h2 class=\"wp-block-heading\"><strong>A chi \u00e8 rivolto l&#8217;evento?<\/strong><\/h2>\n\n<ul class=\"wp-block-list\">\n<li>Per ballerini <strong>di Soy Cubano<\/strong> di tutti i livelli<\/li>\n\n\n\n<li>Perfetto per i principianti che vogliono provare per la prima volta il ballo latino<\/li>\n\n\n\n<li>Per coppie e amici che cercano un luned\u00ec sera diverso<\/li>\n\n\n\n<li>A tutti gli amanti <a href=\"https:\/\/soycubano.si\/it\/lezione-di-danza\/\" data-type=\"page\" data-id=\"695\"><strong>della salsa, della bachata e della musica latina<\/strong><\/a> di Ancarano e dintorni<\/li>\n<\/ul>\n\n<p class=\"wp-block-paragraph\">Puoi venire all&#8217;evento <strong>da solo o in coppia<\/strong> : se non hai un partner di ballo, faremo sempre del nostro meglio per includerti nel gruppo.<\/p>\n\n<h2 class=\"wp-block-heading\"><strong>Informazioni pratiche<\/strong><\/h2>\n\n<ul class=\"wp-block-list\">\n<li>\ud83d\udccd <strong>Luogo:<\/strong> <a href=\"https:\/\/ankaran.si\" data-type=\"link\" data-id=\"https:\/\/ankaran.si\" target=\"_blank\" rel=\"noopener\">Centro Ankarana<\/a> (la posizione esatta sar\u00e0 indicata nella descrizione dell&#8217;evento\/sui poster)<\/li>\n\n\n\n<li>\ud83d\udd52 <strong>Data e ora:<\/strong> luned\u00ec 15. 12. 2025, dalle 20:30 in poi<\/li>\n\n\n\n<li>\ud83d\ude97 <strong>Parcheggio:<\/strong> parcheggio pubblico disponibile vicino al centro di Ancarano<\/li>\n\n\n\n<li>\ud83c\udf27 <strong>In caso di pioggia:<\/strong> la festa si svolger\u00e0 al chiuso<\/li>\n\n\n\n<li><strong><a href=\"tel:+38641562334\" data-type=\"tel\" data-id=\"tel:+38641562334\">\ud83d\udcde Telefono: 041 562 334<\/a><\/strong><\/li>\n<\/ul>\n\n<p class=\"wp-block-paragraph\"><\/p>\n","protected":false},"author":1,"featured_media":12048,"menu_order":0,"comment_status":"closed","ping_status":"closed","template":"","meta":[],"tags":[],"event_type":[168,167],"event_type_2":[417,414],"class_list":["post-12058","ajde_events","type-ajde_events","status-publish","has-post-thumbnail","hentry","evo_faq-ali-potrebujem-predznanje-plesa","evo_faq-je-dogodek-primeren-tudi-za-zacetnike","evo_faq-kako-izvem-vec-o-vasih-plesnih-tecajih","evo_faq-kako-naj-se-oblecem-za-salsa-vecer","event_location-piazza-ancarano","event_organizer-comune-di-ancarano","event_organizer-staff-di-soy-cubano","event_type-serate-di-ballo-capodistria","event_type-serate-di-ballo-ed-eventi","event_type_2-altri-eventi","event_type_2-serate-di-ballo-alla-costa-slovena"],"_links":{"self":[{"href":"https:\/\/soycubano.si\/it\/wp-json\/wp\/v2\/ajde_events\/12058","targetHints":{"allow":["GET"]}}],"collection":[{"href":"https:\/\/soycubano.si\/it\/wp-json\/wp\/v2\/ajde_events"}],"about":[{"href":"https:\/\/soycubano.si\/it\/wp-json\/wp\/v2\/types\/ajde_events"}],"author":[{"embeddable":true,"href":"https:\/\/soycubano.si\/it\/wp-json\/wp\/v2\/users\/1"}],"replies":[{"embeddable":true,"href":"https:\/\/soycubano.si\/it\/wp-json\/wp\/v2\/comments?post=12058"}],"wp:featuredmedia":[{"embeddable":true,"href":"https:\/\/soycubano.si\/it\/wp-json\/wp\/v2\/media\/12048"}],"wp:attachment":[{"href":"https:\/\/soycubano.si\/it\/wp-json\/wp\/v2\/media?parent=12058"}],"wp:term":[{"taxonomy":"post_tag","embeddable":true,"href":"https:\/\/soycubano.si\/it\/wp-json\/wp\/v2\/tags?post=12058"},{"taxonomy":"event_type","embeddable":true,"href":"https:\/\/soycubano.si\/it\/wp-json\/wp\/v2\/event_type?post=12058"},{"taxonomy":"event_type_2","embeddable":true,"href":"https:\/\/soycubano.si\/it\/wp-json\/wp\/v2\/event_type_2?post=12058"}],"curies":[{"name":"wp","href":"https:\/\/api.w.org\/{rel}","templated":true}]}}

<p class="wp-block-paragraph">Lunedì sera ad Ancarano sarà tutto latino! Vi invitiamo alla <strong>festa di compleanno di Soy Cubano</strong> , dove festeggeremo, balleremo e socializzeremo insieme in una vera atmosfera cubana, nel <strong>cuore di Ancarano</strong> . <strong>&#8220;Festa latina ad Ancarano</strong> &#8221; </p>

<h2 class="wp-block-heading"><strong>Descrizione dell&#8217;evento</strong></h2>

<p class="wp-block-paragraph">Il lunedì sera ad Ancarano sarà all&#8217;insegna dei ritmi cubani e dei festeggiamenti! Festeggiamo insieme <strong>il 22° compleanno di Soy Cubano</strong> e vi invitiamo a una festa latina nel <strong>centro di Ancarano</strong> .<br/> Vi aspetta un mix di <strong>salsa, bachata e Power Latina</strong> , insieme a tante risate, animazione e un&#8217;atmosfera rilassata creata da José e dal team <strong>della scuola di ballo Soy Cubano Dance Club</strong> . </p>

<p class="wp-block-paragraph">Non importa se sei un principiante o se balli già: le coreografie e le animazioni sono facili e divertenti, quindi chiunque può partecipare.</p>

<h2 class="wp-block-heading"><strong>Programma serale</strong> di festa latina ad Ancarano</h2>

<ul class="wp-block-list">
<li><strong>20:30</strong> – arrivo, riscaldamento e primi ritmi latini</li>



<li><strong>21:00</strong> – animazioni di salsa e bachata con José</li>



<li><strong>22:00</strong> – Blocco di danza energetica Power Latino</li>



<li><strong>22:30–23:30</strong> – balli liberi, socializzazione e sorpresa di compleanno</li>
</ul>

<p class="wp-block-paragraph">Il programma è provvisorio: se l&#8217;energia è buona, balleremo più a lungo! 💃 🕺</p>

<h2 class="wp-block-heading"><strong>A chi è rivolto l&#8217;evento?</strong></h2>

<ul class="wp-block-list">
<li>Per ballerini <strong>di Soy Cubano</strong> di tutti i livelli</li>



<li>Perfetto per i principianti che vogliono provare per la prima volta il ballo latino</li>



<li>Per coppie e amici che cercano un lunedì sera diverso</li>



<li>A tutti gli amanti <a href="https://soycubano.si/it/lezione-di-danza/" data-type="page" data-id="695"><strong>della salsa, della bachata e della musica latina</strong></a> di Ancarano e dintorni</li>
</ul>

<p class="wp-block-paragraph">Puoi venire all&#8217;evento <strong>da solo o in coppia</strong> : se non hai un partner di ballo, faremo sempre del nostro meglio per includerti nel gruppo.</p>

<h2 class="wp-block-heading"><strong>Informazioni pratiche</strong></h2>

<ul class="wp-block-list">
<li>📍 <strong>Luogo:</strong> <a href="https://ankaran.si" data-type="link" data-id="https://ankaran.si" target="_blank" rel="noopener">Centro Ankarana</a> (la posizione esatta sarà indicata nella descrizione dell&#8217;evento/sui poster)</li>



<li>🕒 <strong>Data e ora:</strong> lunedì 15. 12. 2025, dalle 20:30 in poi</li>



<li>🚗 <strong>Parcheggio:</strong> parcheggio pubblico disponibile vicino al centro di Ancarano</li>



<li>🌧 <strong>In caso di pioggia:</strong> la festa si svolgerà al chiuso</li>



<li><strong><a href="tel:+38641562334" data-type="tel" data-id="tel:+38641562334">📞 Telefono: 041 562 334</a></strong></li>
</ul>

<p class="wp-block-paragraph"></p>
